t is y(l)?
-32
Let z(h) be the third derivative of 0 + 1/8*h**4 - h**2 + 0*h - 2/3*h**3. Let o be ((-6)/(-30) - 2/60)/((-95)/(-1710)). Determine z(o).
5
Suppose -2*y - 5*h - 9 = -34, 3*y - 5*h = 0. Let x(u) = -4*u + 16. Let z(a) = a - 3. Suppose 6*p = 17*p + 154. Let s(t) = p*z(t) - 3*x(t). Determine s(y).
-16
Let a(h) = h**3 + 2*h**2 - 3*h + 3. Let t be ((-14)/(-6))/((-1001)/858). Determine a(t).
9
Let p(q) = -223*q - 212. Let y(k) = 105*k + 105. Let l(i) = 8*p(i) + 17*y(i). Give l(-20).
69
Let o(k) be the third derivative of -1/6*k**3 - 1/60*k**5 - 2 + 0*k + 1/12*k**4 - k**2. What is o(0)?
-1
Suppose 5*k - d - 7 = 0, 0*d + 9 = 3*d. Let p(r) = 158 - 2*r - 158 + r. Determine p(k).
-2
Let w(y) = -y**2 - 8*y - 4. Suppose 7 = c + 1. Let u(n) = 9*n - 61. Let r be u(c). Determine w(r).
3
Let p(i) = -3*i**3 - 31*i**2 - 14*i - 2. Let v(y) = -4*y**3 - 41*y**2 - 14*y - 2. Let r(l) = -6*p(l) + 5*v(l). Give r(-10).
-38
Let u = -142 + 144. Let h(k) = -k + 3. Let d be h(0). Suppose 5*j = d + u. Let g(a) = 10*a. Give g(j).
10
Let g(r) = r**2 + 1. Let y(v) = -2*v**2 + 2*v - 1. Let c = -81 + 80. Let l(w) = c*y(w) - 3*g(w). Calculate l(-3).
-5
Let k(w) be the first derivative of -7*w**2/2 - 21*w + 1476. Calculate k(-6).
21
Suppose -4*u = -2*n - 12, 4*u + 8*n - 40 = 3*n. Let w(o) = 78959*o**2 + 78870*o**2 - 1 - 157828*o**2 - o. What is w(u)?
19
Let r(t) = 2*t**2 - 6*t + 10. Let i = 14268 + -14265. Calculate r(i).
10
Let r(h) = 33 + 46 + 20*h - 9 - 12. What is r(-4)?
-22
Suppose 2*q + 246 = -u + 250, 5*q = 5*u + 10. Let h(x) = -25*x + 25. Determine h(q).
-25
Let w(f) = -f**3 - 17*f**2 + 2*f + 41. Suppose -266 + 589 = -54*z - 595. Give w(z).
7
Let g(a) = 5*a**2 - a. Let d be g(-1). Let v be (-32)/(-18) - d/(-27). Let k(x) = -37 + 2*x + 6*x - 35 + 126 - 51 - 10*x. Calculate k(v).
-1
Let i(y) be the third derivative of 13*y**4/24 + y**3/6 - 5508*y**2. Suppose 4*j = 13 - 1, -g = 4*j - 11. What is i(g)?
-12
Let f(w) = 1101*w + 2 - 553*w - 550*w. Let c = -21 - -15. Give f(c).
14
Let t(k) = 10*k - 1. Let s(p) = -88*p - 168. Let c(u) = s(u) + 11*t(u). Calculate c(8).
-3
Let p(q) = -10*q**3 + q**2 - q + 1. Let h(n) = -3*n**2 + 44*n + 58. Let d be h(22). Let s = 427 + d. Calculate p(s).
-9
Let s(x) = 2*x - 9. Let o = 1 + 2. Let d be (-1)/o - (-17)/51. Suppose d = -5*p + l + 56 - 12, -p = -5*l - 28. Calculate s(p).
7
Let p = -587 - -1035. Let b = 456 - p. Let f(k) = k**3 - 8*k**2 - 3*k + 12. Calculate f(b).
-12
Suppose -g = 4*g - 5. Suppose -3*s - 2 = 5*c, -4*c - s = -3*s - 16. Let u(x) = 2*x + 2*x + c*x + 1 + x. Determine u(g).
8
Suppose 0 = 4*k + p - 9, 3*p = 2*k + 18 - 33. Let t(r) = 3*r. Give t(k).
9
Suppose 2*j = 5*j - 21. Let f be 28/(-35) - (-9)/5. Let a(n) = 6*n + 0 - n**3 + f - 235*n**2 + 241*n**2. Determine a(j).
-6
Let h(i) = -i**2 + 4*i + 3. Let j(x) = 3*x**2 - 9*x - 6. Let d(u) = 5*h(u) + 2*j(u). Suppose 5*b - 45 = 0, -7569*v + 7572*v + 4*b = 27. Give d(v).
6
Let x(i) = -2*i + 9. Let h be x(2). Suppose -22 = -2*k + 4*p, -h*k + 2*p - 3*p = -11. Suppose -k*n = 2*n - 20. Let o(q) = q - 3. Give o(n).
1
Let h(r) = -r + 7. Suppose -24 = -5*y + 4*t - 5, 0 = -4*y - 5*t + 7. Suppose -v - 6*n - 10 = -y*n, 40 = -4*v + n. Let z be (-1)/(5/v) + 4. Give h(z).
1
Let j(g) = 4*g + 2. Let p(q) = -q**3 + 14*q**2 - 25*q - 8. Let f(o) = -2*j(o) - p(o). What is f(13)?
56
Let f(a) = a**3 - 7*a**2 - 11*a + 6. Let m(o) = -112*o - 328. Let q be m(-3). Determine f(q).
-18
Let y(t) = -7919*t - 6 + 6 + 7922*t. Let d(p) = p**3 - 5*p**2 + 2*p + 3. Let g be d(4). Calculate y(g).
-15
Suppose 2*r + 2*v = -2*v - 24, -r = 3*v + 16. Let n be ((-2)/8*r)/(-1). Let i(b) = -11*b + 1. Let a(d) = d. Let z(x) = -5*a(x) + i(x). What is z(n)?
17
Let y(o) = o**2 + 5*o + 4. Let a be y(-5). Suppose 2*d = 4*d - a. Let i(q) = -q**3 + 2*q**3 - 7*q**d + 89*q + 4 - 84*q. Calculate i(6).
-2
Let d(l) = -3*l + 3040 - 1512 - 1521 + 0*l. Give d(12).
-29
Let m(r) = 4*r - 7. Let q = -6045 - -6049. Give m(q).
9
Let d be -1*(-9)/(-5)*-30. Let k = -53 + d. Let t(f) be the third derivative of -2*f**6/15 - f**5/60 + f**4/12 - f**3/6 - f**2 + 36. What is t(k)?
-16
Suppose -18*o - 4*o = -96 + 756. Let k(j) = j**3 + 30*j**2 + 3*j + 86. What is k(o)?
-4
Suppose -2048 = 264*c + 11944. Let r(w) = -w**3 - 51*w**2 + 108*w + 111. What is r(c)?
5
Let v(z) be the first derivative of -3*z**2/2 + 6*z + 2456. Calculate v(12).
-30
Let r(b) be the second derivative of -b**5/4 + b**2/2 - 5*b + 949. Give r(1).
-4
Suppose 8*h - 5*h - 18 = 0. Let l(n) be the second derivative of 1/6*n**3 + 0 + 35*n - 1/2*n**2. Give l(h).
5
Suppose -2*v - 30 = -7*v. Suppose x - 2*x - p = -v, 2*p - 16 = -3*x. Let n(t) be the first derivative of t**3/3 - 5*t**2/2 - 2*t - 415. Give n(x).
-6
Let h(o) = o**2 + 6*o - 18. Let v(s) = 2*s**2 - 23*s + 37. Let t be v(9). Determine h(t).
-2
Suppose 1 + 4 = -k. Let v(z) = -3*z + 343*z**2 + 4 + 338*z**2 + 7 - 683*z**2 - 6. Give v(k).
-30
Let l(w) = 42*w**2 + 3*w - 2. Let y be ((30/(-240))/((-2)/(-8)))/((-3)/6). What is l(y)?
43
Let f(g) be the first derivative of -g**3/3 + 7*g**2/2 - 2*g + 474. Determine f(2).
8
Let b(y) = 243*y - 504*y + 5*y**3 - 3 + 3 - 2 - 2*y**2 + 260*y. Calculate b(-2).
-48
Suppose -s - 28 - 8 = -2*b, -57 = -5*b - 3*s. Let y(d) = -d**2 + 18*d - 49. Determine y(b).
-4
Let q(g) = 11*g**3 - 3*g**2 - 64*g - 2. Let d(t) = -5*t**3 + t**2 + 30*t. Let p(k) = 13*d(k) + 6*q(k). What is p(4)?
-4
Let s be (22/99)/(4/36). Let m(u) = 30*u**2 - 41*u**2 - 1 + 13*u**s - 4*u. Give m(3).
5
Let g(x) = 5005*x - 30032. Let y be g(6). Let m(j) be the third derivative of j**5/60 - j**4/6 - j**3/2 - 2*j**2. Determine m(y).
9
Let l(y) = -56 - 144 - 61 - 8*y + 351. Give l(11).
2
Let y be (7/28)/((-111)/1332). Let n(j) = 5*j. Let g(t) = 4*t + 1. Let r(z) = 2*g(z) - 3*n(z). Give r(y).
23
Suppose 4*z + 2*i - 20 = 0, 0 = 3*z + 5*i - i - 5. Suppose -11*h + z*h = 60. Let m = 16 + h. Let f(s) = -3*s**3 + 1. Give f(m).
-2
Let o(b) be the third derivative of -1/24*b**4 + 0*b - 33*b**2 + b**3 + 0. What is o(11)?
-5
Let w(s) be the third derivative of s**4/12 + 5*s**3/6 - 5*s**2 - 234*s. What is w(10)?
25
Let q = -1420 - -1423. Let m(y) be the first derivative of -y**4/4 + y**3 - y**2 + y + 1. What is m(q)?
-5
Let h(z) = -z**3 + 6*z**2 - 5*z + 1. Suppose -j + 4*x + 32 = 0, -7*x = -2*j - 2*x + 70. Let b be (136/j + -1)*5/2. Give h(b).
-29
Suppose 4*g = 2*d + 52, 11*g + 4*d - 6*d = 129. Let c(v) be the second derivative of g*v + 0*v**2 + 0 - 3/2*v**3. Determine c(2).
-18
Suppose 3*z - 14 = c, -3*z - c - 11 = 3*c. Let v(j) = 24 + 14*j - z - 4 + j**2. Calculate v(-12).
-7
Let c(t) = -4*t**3 - 30*t**2 + 18*t + 13. Let p be c(-8). Let i(b) = 3*b**3 + 4*b**2 + b - 2. Calculate i(p).
-50
Let l be 29/3 + 24/(-18)*-1. Let f(n) = 11*n**2 + 15 - n**3 + 7*n - n**2 + 2*n. Give f(l).
-7
Let l(w) = 10 - 716*w**2 - 5*w + 715*w**2 - 6 + w**3. Suppose -5*q + 50 = 5. Suppose -4*j + j + q = 0. Determine l(j).
7
Let j(c) = -2*c**3 - 6*c**2 - 5*c - 12. Let w be j(-3). Let u(l) = -l**3 - 2477 + w*l + 3*l + 4*l**2 + 2471. Calculate u(4).
18
Let w(b) = 2*b - b - 2*b - 4 + 18. Suppose -u - a = 2*u - 11, 5*u = -5*a + 15. Suppose 2*g + 34 = 4*h, -u*h + 36 = -g - 3*g. Give w(h).
6
Let a(k) = -k**3 - 4*k**2 + 6*k + 5. Suppose 4*s - 2*t + 10 - 94 = 0, -5*s = -4*t - 108. Suppose 11 = -4*x - 37. Let w be s/x*4/((-12)/(-9)). What is a(w)?
0
Let p(n) = 64*n + 59*n - 114 - 189*n + 68*n. What is p(59)?
4
Let m(t) = -9*t + 29360 - 2*t + t**2 + 29359 - 58724. Give m(4).
-33
Let o(s) = -8*s + 1. Let b(n) = -37*n + 8. Let h(v) = b(v) - 4*o(v). Give h(-2).
14
Let r = -3 + 5. Let a(p) = 4730*p**2 - 9455*p**2 - p - 1 + 4727*p**2 + 6*p - 8*p. Calculate a(r).
1
Suppose -3*p + 6*p - 3*n = -18, 0 = -2*n + 8. Let l be -4 + 3 + 2 + (15 - p). Suppose 3 - l = 3*r. Let i(k) = k**3 + 5*k**2 + 5. Give i(r).
5
Let f(z) = 2*z - 8 - 3*z - 7 + 11. Suppose -4*l + 0*r = -5*r + 115, -2*r = l + 45. Let w be 34/10 + 14/l. Calculate f(w).
-7
Let t(b) = -b + 2. Let g(l) = 3*l - 3. Let r(d) = -4*g(d) - 7*t(d). Suppose 7*q - 710 = 5*u + 2*q, 4*q + 746 = -5*u. Let z = 148 + u. Give r(z).
-12
Let d be (-18)/4 + -4*(-3)/(-24). Let f(j) be the second derivative of -j**3/6 - 5*j**2/2 - 3*j - 8. Calculate f(d).
0
Let y = 1 + 0. Let w(n) be the first derivative of -5*n**3/3 + 2*n**2 - 3*n - 96501. Determine w(y